{"id":57,"date":"2016-03-29T13:14:57","date_gmt":"2016-03-29T12:14:57","guid":{"rendered":"http:\/\/www.reflexoki.com\/?page_id=57"},"modified":"2024-01-03T15:37:17","modified_gmt":"2024-01-03T14:37:17","slug":"tarifs","status":"publish","type":"page","link":"https:\/\/www.reflexoki.com\/index.php\/reiki\/tarifs\/","title":{"rendered":"Tarifs"},"content":{"rendered":"<p class=\"lucida txt-18\"><strong><em>adulte et enfant de +12 ans\u00a0(entre 1h30 et 2h00 accueil compris)<\/em><\/strong><\/p>\n<ul>\n<li style=\"list-style-type: none;\">\n<ul>\n<li class=\"bookman txt-noir txt-15\"><strong><em>Adulte et enfant de +12 ans : 60 \u20ac la s\u00e9ance<\/em><\/strong><\/li>\n<li class=\"bookman txt-noir txt-15\"><strong><em>Forfait 4 s\u00e9ances : 275 \u20ac<\/em><\/strong><\/li>\n<li class=\"bookman txt-noir txt-15\"><strong><em>Etudiant\u00a0: remise de 20 %<\/em><\/strong><\/li>\n<\/ul>\n<\/li>\n<\/ul>\n<ul>\n<li style=\"list-style-type: none;\">\u00a0<\/li>\n<\/ul>\n<p class=\"lucida txt-18\"><i style=\"font-weight: bold;\">Protocole de 4 s\u00e9ances sur 4 jours<br \/>(pr\u00e9conis\u00e9 pour une\u00a0<\/i><span style=\"font-weight: 600;\"><i>probl\u00e9matique particuli\u00e8re)<\/i><\/span><br \/><i style=\"font-weight: bold;\">(entre 1h30 et 2h00 chaque, accueil compris )<\/i><\/p>\n<ul>\n<li style=\"list-style-type: none;\">\n<ul>\n<li class=\"bookman txt-noir txt-15\"><strong><em>Adulte et enfant de +12 ans : 275 \u20ac\u00a0<br \/><\/em><\/strong><b><i>(payable d\u00e8s la premi\u00e8re s\u00e9ance)<\/i><\/b><\/li>\n<\/ul>\n<\/li>\n<\/ul>\n<ul>\n<li style=\"list-style-type: none;\">\n<ul>\n<li class=\"bookman txt-noir txt-15\"><strong><em>Etudiant\u00a0: remise de 20 %<\/em><\/strong><\/li>\n<\/ul>\n<\/li>\n<\/ul>\n<ul>\n<li style=\"list-style-type: none;\">\u00a0<\/li>\n<\/ul>\n<p class=\"lucida txt-18\"><strong><em>enfant de &#8211; 12 ans (entre 1h et 1h15 accueil compris)<\/em><\/strong><\/p>\n<ul>\n<li style=\"list-style-type: none;\">\n<ul>\n<li class=\"bookman txt-noir txt-15\"><strong><em>enfant de &#8211; 12 ans : 50 \u20ac la s\u00e9ance<\/em><\/strong><\/li>\n<\/ul>\n<\/li>\n<\/ul>\n<p class=\"lucida txt-18\"><strong><em>Ateliers adultes de 3 heures :\u00a0<\/em><\/strong><\/p>\n<ul>\n<li style=\"list-style-type: none;\">\n<ul>\n<li class=\"bookman txt-noir txt-15\"><strong><em>35 \u20ac l&rsquo;atelier<\/em><\/strong><\/li>\n<\/ul>\n<\/li>\n<\/ul>\n<ul>\n<li style=\"list-style-type: none;\">\u00a0<\/li>\n<\/ul>\n\n\n<p><\/p>\n","protected":false},"excerpt":{"rendered":"<p>adulte et enfant de +12 ans\u00a0(entre 1h30 et 2h00 accueil compris) Adulte et enfant de +12 ans : 60 \u20ac la s\u00e9ance Forfait 4 s\u00e9ances : 275 \u20ac Etudiant\u00a0: remise de 20 % \u00a0 Protocole de 4 s\u00e9ances sur 4 jours(pr\u00e9conis\u00e9 pour une\u00a0probl\u00e9matique particuli\u00e8re)(entre 1h30 et 2h00 chaque, accueil compris ) Adulte et enfant de [&hellip;]<\/p>\n","protected":false},"author":1,"featured_media":0,"parent":25,"menu_order":0,"comment_status":"closed","ping_status":"closed","template":"","meta":{"footnotes":""},"class_list":["post-57","page","type-page","status-publish","hentry"],"aioseo_notices":[],"_links":{"self":[{"href":"https:\/\/www.reflexoki.com\/index.php\/wp-json\/wp\/v2\/pages\/57","targetHints":{"allow":["GET"]}}],"collection":[{"href":"https:\/\/www.reflexoki.com\/index.php\/wp-json\/wp\/v2\/pages"}],"about":[{"href":"https:\/\/www.reflexoki.com\/index.php\/wp-json\/wp\/v2\/types\/page"}],"author":[{"embeddable":true,"href":"https:\/\/www.reflexoki.com\/index.php\/wp-json\/wp\/v2\/users\/1"}],"replies":[{"embeddable":true,"href":"https:\/\/www.reflexoki.com\/index.php\/wp-json\/wp\/v2\/comments?post=57"}],"version-history":[{"count":29,"href":"https:\/\/www.reflexoki.com\/index.php\/wp-json\/wp\/v2\/pages\/57\/revisions"}],"predecessor-version":[{"id":2038,"href":"https:\/\/www.reflexoki.com\/index.php\/wp-json\/wp\/v2\/pages\/57\/revisions\/2038"}],"up":[{"embeddable":true,"href":"https:\/\/www.reflexoki.com\/index.php\/wp-json\/wp\/v2\/pages\/25"}],"wp:attachment":[{"href":"https:\/\/www.reflexoki.com\/index.php\/wp-json\/wp\/v2\/media?parent=57"}],"curies":[{"name":"wp","href":"https:\/\/api.w.org\/{rel}","templated":true}]}}