{"id":55,"date":"2019-08-04T10:42:46","date_gmt":"2019-08-04T09:42:46","guid":{"rendered":"http:\/\/www.reflexoki.com\/?page_id=55"},"modified":"2019-08-04T16:45:13","modified_gmt":"2019-08-04T15:45:13","slug":"seance","status":"publish","type":"page","link":"https:\/\/www.reflexoki.com\/index.php\/reiki\/seance\/","title":{"rendered":"S\u00e9ance"},"content":{"rendered":"<p><img loading=\"lazy\" decoding=\"async\" class=\" wp-image-133 alignleft\" src=\"https:\/\/www.reflexoki.com\/wp-content\/uploads\/2016\/04\/image-9-min-300x199.jpg\" alt=\"image 9\" width=\"300\" height=\"199\"><\/p>\n<p style=\"text-align: center;\"><span style=\"color: #ffffff;\"><strong><em class=\"lucida txt-28\">D\u00e9roulement d\u2019une s\u00e9ance<\/em><\/strong><\/span><\/p>\n<p style=\"text-align: center;\"><span style=\"color: #ffffff;\"><strong><em class=\"lucida txt-24\">Pr\u00e9voir entre 1h30 et 2h00<\/em><\/strong><\/span><\/p>\n<p style=\"padding-left: 80px;\"><span style=\"color: #000000;\"><strong><em>&nbsp; &nbsp; &nbsp; &nbsp; &nbsp; &nbsp; &nbsp; &nbsp; &nbsp; &nbsp; &nbsp; &nbsp; &nbsp; &nbsp; &nbsp; &nbsp; &nbsp; &nbsp; &nbsp; &nbsp; &nbsp; &nbsp; &nbsp; &nbsp; &nbsp; &nbsp; &nbsp; &nbsp; &nbsp; &nbsp; &nbsp; &nbsp; &nbsp; &nbsp; &nbsp; &nbsp; &nbsp; &nbsp; &nbsp; &nbsp; &nbsp; &nbsp; &nbsp; &nbsp; &nbsp; &nbsp; &nbsp; &nbsp; &nbsp; &nbsp; &nbsp; &nbsp; <\/em><\/strong><\/span><\/p>\n<p><\/p>\n<p><\/p>\n<p><\/p>\n<p class=\"bookman txt-noir txt-16 justifier\"><span style=\"color: #000000;\"><strong><em>Un entretien pr\u00e9c\u00e8de la s\u00e9ance pour faire le point sur vos attentes et sur le d\u00e9roulement de la s\u00e9ance. <\/em><\/strong><\/span><\/p>\n<p class=\"bookman txt-noir txt-16 justifier\"><span style=\"color: #000000;\"><strong><em>Vous \u00eates confortablement install\u00e9, habill\u00e9, en position allong\u00e9e sur une table de massage en \u00f4tant simplement vos chaussures, ceinture, lunettes et bijoux.<\/em><\/strong><\/span><\/p>\n<p class=\"bookman txt-noir txt-16 justifier\"><span style=\"color: #000000;\"><strong><em>Le praticien Reiki appose ses mains \u00e0 diff\u00e9rents endroits du corps, avec contact direct ou \u00e0 proximit\u00e9 du corps, soit en faisant chaque zone et le corps au complet suivant le sch\u00e9ma traditionnel, soit sur certains endroits bien pr\u00e9cis, selon la demande (par exemple en cas de douleur particuli\u00e8re \u00e0 un endroit pr\u00e9cis).<\/em><\/strong><\/span><\/p>\n<p class=\"bookman txt-noir txt-16 justifier\"><span style=\"color: #000000;\"><strong><em>Aucune intervention n\u2019est requise de la part de celui qui re\u00e7oit une s\u00e9ance de Reiki, ni concentration, ni mouvements respiratoires pr\u00e9cis. Vous pouvez vous laisser aller, sereinement tout au long de la s\u00e9ance.<\/em><\/strong><\/span><\/p>\n<p class=\"bookman txt-noir txt-16 justifier\"><span style=\"color: #000000;\"><strong><em>La s\u00e9ance de Reiki permet de r\u00e9\u00e9quilibrer ses \u00e9nergies et d\u00e9tendre le corps et l\u2019esprit, optimiser son \u00e9nergie naturelle au quotidien, conserver un \u00e9quilibre psychique et physique et lutter contre le stress et les blocages \u00e9motionnels. Elle accompagne \u00e9galement les douleurs physiques et les souffrances psychiques.<\/em><\/strong><\/span><\/p>\n<p class=\"bookman txt-noir txt-16 justifier\"><span style=\"color: #000000;\"><strong><em>En fin de s\u00e9ance, vous prendrez le temps de revenir \u00e0 vous, au calme. Vous pourrez \u00e9changer sur vos ressentis si besoin.<\/em><\/strong><\/span><\/p>\n<p style=\"text-align: center;\"><span style=\"color: #333333;\"><em>Reiki chart par Nita MOCANU&nbsp;<\/em> (<a href=\"http:\/\/www.reikiforum.com\/\">www.reikiforum.com<\/a>) <a style=\"color: #333333;\" href=\"https:\/\/www.reikiforum.com\/4-articles-sur-le-reiki\/62-derniers-articles\/616-the-reiki-chart\/\">https:\/\/www.reikiforum.com\/4-articles-sur-le-reiki\/62-derniers-articles\/616-the-reiki-chart\/<\/a><\/span><\/p>\n\n\n<p><\/p>\n","protected":false},"excerpt":{"rendered":"<p>D\u00e9roulement d\u2019une s\u00e9ance Pr\u00e9voir entre 1h30 et 2h00 &nbsp; &nbsp; &nbsp; &nbsp; &nbsp; &nbsp; &nbsp; &nbsp; &nbsp; &nbsp; &nbsp; &nbsp; &nbsp; &nbsp; &nbsp; &nbsp; &nbsp; &nbsp; &nbsp; &nbsp; &nbsp; &nbsp; &nbsp; &nbsp; &nbsp; &nbsp; &nbsp; &nbsp; &nbsp; &nbsp; &nbsp; &nbsp; &nbsp; &nbsp; &nbsp; &nbsp; &nbsp; &nbsp; &nbsp; &nbsp; &nbsp; &nbsp; &nbsp; &nbsp; &nbsp; &nbsp; &nbsp; [&hellip;]<\/p>\n","protected":false},"author":1,"featured_media":0,"parent":25,"menu_order":0,"comment_status":"closed","ping_status":"closed","template":"","meta":{"footnotes":""},"class_list":["post-55","page","type-page","status-publish","hentry"],"aioseo_notices":[],"_links":{"self":[{"href":"https:\/\/www.reflexoki.com\/index.php\/wp-json\/wp\/v2\/pages\/55","targetHints":{"allow":["GET"]}}],"collection":[{"href":"https:\/\/www.reflexoki.com\/index.php\/wp-json\/wp\/v2\/pages"}],"about":[{"href":"https:\/\/www.reflexoki.com\/index.php\/wp-json\/wp\/v2\/types\/page"}],"author":[{"embeddable":true,"href":"https:\/\/www.reflexoki.com\/index.php\/wp-json\/wp\/v2\/users\/1"}],"replies":[{"embeddable":true,"href":"https:\/\/www.reflexoki.com\/index.php\/wp-json\/wp\/v2\/comments?post=55"}],"version-history":[{"count":30,"href":"https:\/\/www.reflexoki.com\/index.php\/wp-json\/wp\/v2\/pages\/55\/revisions"}],"predecessor-version":[{"id":805,"href":"https:\/\/www.reflexoki.com\/index.php\/wp-json\/wp\/v2\/pages\/55\/revisions\/805"}],"up":[{"embeddable":true,"href":"https:\/\/www.reflexoki.com\/index.php\/wp-json\/wp\/v2\/pages\/25"}],"wp:attachment":[{"href":"https:\/\/www.reflexoki.com\/index.php\/wp-json\/wp\/v2\/media?parent=55"}],"curies":[{"name":"wp","href":"https:\/\/api.w.org\/{rel}","templated":true}]}}