{"id":516,"date":"2017-10-03T17:11:58","date_gmt":"2017-10-03T16:11:58","guid":{"rendered":"http:\/\/www.reflexoki.com\/?page_id=516"},"modified":"2021-02-19T11:17:46","modified_gmt":"2021-02-19T10:17:46","slug":"historique","status":"publish","type":"page","link":"https:\/\/www.reflexoki.com\/index.php\/sonotherapie\/historique\/","title":{"rendered":"Historique"},"content":{"rendered":"<p><img loading=\"lazy\" decoding=\"async\" class=\"size-medium wp-image-518 aligncenter\" src=\"https:\/\/www.reflexoki.com\/wp-content\/uploads\/2017\/10\/65551609_xl-min-300x164.jpg\" alt=\"\" width=\"300\" height=\"164\" srcset=\"https:\/\/www.reflexoki.com\/wp-content\/uploads\/2017\/10\/65551609_xl-min-300x164.jpg 300w, https:\/\/www.reflexoki.com\/wp-content\/uploads\/2017\/10\/65551609_xl-min-768x421.jpg 768w, https:\/\/www.reflexoki.com\/wp-content\/uploads\/2017\/10\/65551609_xl-min-1024x561.jpg 1024w\" sizes=\"auto, (max-width: 300px) 100vw, 300px\" \/><\/p>\n<p><strong><em class=\"lucida txt-20\">Un peu d\u2019histoire\u2026\u00a0<\/em><\/strong><\/p>\n<p class=\"bookman txt-noir txt-16\" style=\"text-align: center;\"><em>Le son a toujours fait partie de notre vie,<\/em><\/p>\n<p class=\"bookman txt-noir txt-16\" style=\"text-align: center;\"><em>tout est son, tout est vibration,<\/em><\/p>\n<p class=\"bookman txt-noir txt-16\" style=\"text-align: center;\"><em>s&rsquo;harmonisant avec son environnement<\/em><\/p>\n<p class=\"bookman txt-noir txt-16\" style=\"text-align: center;\"><em>Le son accompagne l&rsquo;\u00eatre humain depuis la nuit des temps<\/em><\/p>\n<p class=\"bookman txt-noir txt-16\" style=\"text-align: center;\"><em>Sous forme de musique et de chants,<\/em><\/p>\n<p class=\"bookman txt-noir txt-16\" style=\"text-align: center;\"><em>Le son est partie int\u00e9grante de notre \u00eatre<\/em><\/p>\n<p class=\"bookman txt-noir txt-16\" style=\"text-align: center;\"><em>Il peut \u00e9galement se ressentir sous sa forme vibratoire<\/em><\/p>\n<p class=\"bookman txt-noir txt-16\" style=\"text-align: center;\"><em>Au cour du 20\u00e8me si\u00e8cle est apparue la Sonoth\u00e9rapie<\/em><\/p>\n<p class=\"bookman txt-noir txt-16\" style=\"text-align: center;\"><em>Elle se caract\u00e9rise de la musicoth\u00e9rapie par une utilisation plus simple et plus intuitive des instruments<\/em><\/p>\n<p class=\"bookman txt-noir txt-16\" style=\"text-align: center;\"><em>tels que le bol tib\u00e9tain, le diapason, le gong, le tambour, les carillons&#8230;<\/em><\/p>\n<p class=\"bookman txt-noir txt-16\" style=\"text-align: center;\"><em>l&rsquo;accent \u00e9tant mis sur les vibrations et non sur la construction rythmique et m\u00e9lodique.<\/em><\/p>\n<p class=\"bookman txt-noir txt-16\" style=\"text-align: center;\"><em>Et bien s\u00fbr la voix.<\/em><\/p>\n<p class=\"bookman txt-noir txt-16\" style=\"text-align: center;\"><em>De nombreuses recherches scientifiques<\/em><\/p>\n<p class=\"bookman txt-noir txt-16\" style=\"text-align: center;\"><em>ont prouv\u00e9 les bienfaits de certaines fr\u00e9quences vibratoires sur l&rsquo;organisme<\/em><\/p>\n<p class=\"bookman txt-noir txt-16\" style=\"text-align: center;\"><em>Harmonisant notre corps et notre esprit<\/em><\/p>\n<p class=\"bookman txt-noir txt-16\" style=\"text-align: center;\"><em>Et activant ainsi notre processus d&rsquo;auto gu\u00e9rison<\/em><\/p>\n<p class=\"bookman txt-noir txt-16\" style=\"text-align: center;\"><em>La Sonoth\u00e9rapie ou Toucher par les sons\u00ae<\/em><\/p>\n<p class=\"bookman txt-noir txt-16\" style=\"text-align: center;\"><em>Est une technique compl\u00e9mentaire de soins<\/em><\/p>\n<p class=\"bookman txt-noir txt-16\" style=\"text-align: center;\"><em>Cr\u00e9\u00e9e par Emmanuel Comte en 1980<\/em><\/p>\n<p style=\"text-align: center;\"><a class=\"txt-violet txt-14\" href=\"https:\/\/sono-therapie.com\/sonotherapeutes\/sono\/409\/\">http:\/\/www.medson.net\/a-propos-du-centre-medson\/centre-de-recherche-medson.html<\/a><\/p>\n<p><img loading=\"lazy\" decoding=\"async\" class=\"size-medium wp-image-538 aligncenter\" src=\"https:\/\/www.reflexoki.com\/wp-content\/uploads\/2017\/10\/bols-2-min-300x249.jpg\" alt=\"\" width=\"300\" height=\"249\" srcset=\"https:\/\/www.reflexoki.com\/wp-content\/uploads\/2017\/10\/bols-2-min-300x249.jpg 300w, https:\/\/www.reflexoki.com\/wp-content\/uploads\/2017\/10\/bols-2-min.jpg 579w\" sizes=\"auto, (max-width: 300px) 100vw, 300px\" \/><\/p>\n","protected":false},"excerpt":{"rendered":"<p>Un peu d\u2019histoire\u2026\u00a0 Le son a toujours fait partie de notre vie, tout est son, tout est vibration, s&rsquo;harmonisant avec son environnement Le son accompagne l&rsquo;\u00eatre humain depuis la nuit des temps Sous forme de musique et de chants, Le son est partie int\u00e9grante de notre \u00eatre Il peut \u00e9galement se ressentir sous sa forme [&hellip;]<\/p>\n","protected":false},"author":1,"featured_media":0,"parent":29,"menu_order":0,"comment_status":"closed","ping_status":"closed","template":"","meta":{"footnotes":""},"class_list":["post-516","page","type-page","status-publish","hentry"],"aioseo_notices":[],"_links":{"self":[{"href":"https:\/\/www.reflexoki.com\/index.php\/wp-json\/wp\/v2\/pages\/516","targetHints":{"allow":["GET"]}}],"collection":[{"href":"https:\/\/www.reflexoki.com\/index.php\/wp-json\/wp\/v2\/pages"}],"about":[{"href":"https:\/\/www.reflexoki.com\/index.php\/wp-json\/wp\/v2\/types\/page"}],"author":[{"embeddable":true,"href":"https:\/\/www.reflexoki.com\/index.php\/wp-json\/wp\/v2\/users\/1"}],"replies":[{"embeddable":true,"href":"https:\/\/www.reflexoki.com\/index.php\/wp-json\/wp\/v2\/comments?post=516"}],"version-history":[{"count":28,"href":"https:\/\/www.reflexoki.com\/index.php\/wp-json\/wp\/v2\/pages\/516\/revisions"}],"predecessor-version":[{"id":1222,"href":"https:\/\/www.reflexoki.com\/index.php\/wp-json\/wp\/v2\/pages\/516\/revisions\/1222"}],"up":[{"embeddable":true,"href":"https:\/\/www.reflexoki.com\/index.php\/wp-json\/wp\/v2\/pages\/29"}],"wp:attachment":[{"href":"https:\/\/www.reflexoki.com\/index.php\/wp-json\/wp\/v2\/media?parent=516"}],"curies":[{"name":"wp","href":"https:\/\/api.w.org\/{rel}","templated":true}]}}